
{"id":1417,"date":"2019-09-27T09:46:51","date_gmt":"2019-09-27T12:46:51","guid":{"rendered":"http:\/\/abet.com.br\/abet\/?page_id=1417"},"modified":"2019-10-24T14:06:19","modified_gmt":"2019-10-24T17:06:19","slug":"rede-bem-estar","status":"publish","type":"page","link":"https:\/\/abet.com.br\/abet\/rede-bem-estar\/","title":{"rendered":"Rede Bem Estar"},"content":{"rendered":"<p>[et_pb_section fb_built=&#8221;1&#8243; _builder_version=&#8221;3.21.1&#8243; background_image=&#8221;http:\/\/abet.com.br\/abet\/wp-content\/uploads\/2019\/09\/bem-estar.jpg&#8221; custom_padding=&#8221;||160px&#8221; bottom_divider_style=&#8221;ramp2&#8243; bottom_divider_color=&#8221;#efefef&#8221; bottom_divider_height=&#8221;70px&#8221;][et_pb_row _builder_version=&#8221;3.20.2&#8243;][et_pb_column type=&#8221;4_4&#8243; _builder_version=&#8221;3.20.2&#8243;][\/et_pb_column][\/et_pb_row][\/et_pb_section][et_pb_section fb_built=&#8221;1&#8243; _builder_version=&#8221;3.21.1&#8243; background_color=&#8221;#efefef&#8221;][et_pb_row _builder_version=&#8221;3.21.1&#8243;][et_pb_column type=&#8221;2_5&#8243; _builder_version=&#8221;3.21.1&#8243;][et_pb_text _builder_version=&#8221;3.21.1&#8243; header_font=&#8221;|700|||||||&#8221; header_text_color=&#8221;#0c71c3&#8243; header_3_font=&#8221;||||||||&#8221; header_3_text_color=&#8221;#6d6d6d&#8221; header_3_font_size=&#8221;18px&#8221;]<\/p>\n<h1><strong>Rede Bem Estar<\/strong><\/h1>\n<p>[\/et_pb_text][et_pb_image src=&#8221;http:\/\/abet.com.br\/abet\/wp-content\/uploads\/2019\/03\/Bem-Estar-Escuro-1.png&#8221; show_bottom_space=&#8221;off&#8221; force_fullwidth=&#8221;on&#8221; _builder_version=&#8221;3.21.1&#8243;][\/et_pb_image][et_pb_text _builder_version=&#8221;3.21.1&#8243; background_color=&#8221;#ffffff&#8221; custom_margin=&#8221;0px||&#8221; custom_padding=&#8221;0px||&#8221;]<\/p>\n<table width=\"323\" cellspacing=\"0\" cellpadding=\"0\" border=\"0\">\n<tbody>\n<tr height=\"20\" ng-repeat=\"prest in prestadores.bemestar\">\n<td class=\"m_-4423549940783323669m_-2241054669206169142gmail-xl63\" width=\"200\" height=\"20\"><a href=\"#ex1\" rel=\"modal:open\" ng-click=\"tipoPrestadores(prest.id)\">{{ prest.descricao }}<\/a><\/td>\n<\/tr>\n<\/tbody>\n<\/table>\n<p>[\/et_pb_text][\/et_pb_column][et_pb_column type=&#8221;3_5&#8243; _builder_version=&#8221;3.21.1&#8243;][et_pb_image src=&#8221;http:\/\/abet.com.br\/abet\/wp-content\/uploads\/2019\/03\/4.jpg&#8221; align=&#8221;center&#8221; _builder_version=&#8221;3.21.1&#8243;][\/et_pb_image][\/et_pb_column][\/et_pb_row][et_pb_row _builder_version=&#8221;3.21.1&#8243;][et_pb_column type=&#8221;4_4&#8243; _builder_version=&#8221;3.21.1&#8243;][et_pb_code _builder_version=&#8221;3.21.1&#8243;]<!-- Remember to include jQuery :) --><!-- [et_pb_line_break_holder] --><script src=\"https:\/\/cdnjs.cloudflare.com\/ajax\/libs\/jquery\/3.0.0\/jquery.min.js\"><\/script><!-- [et_pb_line_break_holder] --><!-- [et_pb_line_break_holder] --><!-- jQuery Modal --><!-- [et_pb_line_break_holder] --><script src=\"https:\/\/cdnjs.cloudflare.com\/ajax\/libs\/jquery-modal\/0.9.1\/jquery.modal.min.js\"><\/script><!-- [et_pb_line_break_holder] --><link rel=\"stylesheet\" href=\"https:\/\/cdnjs.cloudflare.com\/ajax\/libs\/jquery-modal\/0.9.1\/jquery.modal.min.css\" \/><!-- [et_pb_line_break_holder] --><\/p>\n<style><!-- [et_pb_line_break_holder] -->            .titulo{<!-- [et_pb_line_break_holder] -->                min-height: 50px;<!-- [et_pb_line_break_holder] -->                background-color: #003879;<!-- [et_pb_line_break_holder] -->                color: white;<!-- [et_pb_line_break_holder] -->                font-weight: 550;<!-- [et_pb_line_break_holder] -->              \tfont-size: 18px;<!-- [et_pb_line_break_holder] -->                text-align: center;<!-- [et_pb_line_break_holder] -->                padding-top: 10px;<!-- [et_pb_line_break_holder] -->            }<!-- [et_pb_line_break_holder] --><!-- [et_pb_line_break_holder] -->            .row1{<!-- [et_pb_line_break_holder] -->                min-height: 40px;<!-- [et_pb_line_break_holder] -->                background-color: white;<!-- [et_pb_line_break_holder] -->                color: #333333;<!-- [et_pb_line_break_holder] -->                border-bottom: solid 1px rgb(190, 204, 223);<!-- [et_pb_line_break_holder] -->                <!-- [et_pb_line_break_holder] -->                padding-top: 10px;<!-- [et_pb_line_break_holder] -->            }               <!-- [et_pb_line_break_holder] --><!-- [et_pb_line_break_holder] -->            .bloco{<!-- [et_pb_line_break_holder] -->                margin:5px;<!-- [et_pb_line_break_holder] -->              \tmargin-bottom: 20px;<!-- [et_pb_line_break_holder] -->                border: solid 2px #ACC2E1;<!-- [et_pb_line_break_holder] -->                border-bottom: solid 1px #ACC2E1;<!-- [et_pb_line_break_holder] -->            }<!-- [et_pb_line_break_holder] -->  \t\t\t\t\t<!-- [et_pb_line_break_holder] -->  .campobuscar{<!-- [et_pb_line_break_holder] -->    width:100%;<!-- [et_pb_line_break_holder] -->    min-height:40px;<!-- [et_pb_line_break_holder] -->    border-radius:5px;<!-- [et_pb_line_break_holder] -->    margin-bottom: 10px;<!-- [et_pb_line_break_holder] -->    margin-top: 10px;<!-- [et_pb_line_break_holder] -->  }<!-- [et_pb_line_break_holder] -->  <!-- [et_pb_line_break_holder] -->  .blocobuscar{<!-- [et_pb_line_break_holder] -->    margin-top:10px;<!-- [et_pb_line_break_holder] -->    margin-bottom:10px;<!-- [et_pb_line_break_holder] -->  }<!-- [et_pb_line_break_holder] -->  <!-- [et_pb_line_break_holder] -->  input {<!-- [et_pb_line_break_holder] -->\toutline: none;<!-- [et_pb_line_break_holder] -->}<!-- [et_pb_line_break_holder] -->input[type=search] {<!-- [et_pb_line_break_holder] -->\t-webkit-appearance: textfield;<!-- [et_pb_line_break_holder] -->\t-webkit-box-sizing: content-box;<!-- [et_pb_line_break_holder] -->\tfont-family: inherit;<!-- [et_pb_line_break_holder] -->\tfont-size: 100%;<!-- [et_pb_line_break_holder] -->}<!-- [et_pb_line_break_holder] -->input::-webkit-search-decoration,<!-- [et_pb_line_break_holder] -->input::-webkit-search-cancel-button {<!-- [et_pb_line_break_holder] -->\tdisplay: none; <!-- [et_pb_line_break_holder] -->}<!-- [et_pb_line_break_holder] --><!-- [et_pb_line_break_holder] --><!-- [et_pb_line_break_holder] -->input[type=search] {<!-- [et_pb_line_break_holder] -->  width:80% !important;<!-- [et_pb_line_break_holder] -->\tbackground: #ededed url(https:\/\/static.tumblr.com\/ftv85bp\/MIXmud4tx\/search-icon.png) no-repeat 9px center;<!-- [et_pb_line_break_holder] -->\tborder: solid 1px #BDD3F2;<!-- [et_pb_line_break_holder] -->\tpadding: 9px 10px 9px 32px;<!-- [et_pb_line_break_holder] -->\twidth: 55px;<!-- [et_pb_line_break_holder] -->\t<!-- [et_pb_line_break_holder] -->\t-webkit-border-radius: 5em;<!-- [et_pb_line_break_holder] -->\t-moz-border-radius: 5em;<!-- [et_pb_line_break_holder] -->\tborder-radius: 5em;<!-- [et_pb_line_break_holder] -->\t<!-- [et_pb_line_break_holder] -->\t-webkit-transition: all .4s;<!-- [et_pb_line_break_holder] -->\t-moz-transition: all .4s;<!-- [et_pb_line_break_holder] -->\ttransition: all .4s;<!-- [et_pb_line_break_holder] -->}<!-- [et_pb_line_break_holder] -->input[type=search]:focus {<!-- [et_pb_line_break_holder] -->\twidth: 95%;<!-- [et_pb_line_break_holder] -->\tbackground-color: #fff;<!-- [et_pb_line_break_holder] -->\tborder-color: #ACC2E1;<!-- [et_pb_line_break_holder] -->\t<!-- [et_pb_line_break_holder] -->\t-webkit-box-shadow: 0 0 5px rgba(109,207,246,.5);<!-- [et_pb_line_break_holder] -->\t-moz-box-shadow: 0 0 5px rgba(109,207,246,.5);<!-- [et_pb_line_break_holder] -->\tbox-shadow: 0 0 5px rgba(109,207,246,.5);<!-- [et_pb_line_break_holder] -->}<!-- [et_pb_line_break_holder] --><!-- [et_pb_line_break_holder] --><!-- [et_pb_line_break_holder] -->input:-moz-placeholder {<!-- [et_pb_line_break_holder] -->\tcolor: #999;<!-- [et_pb_line_break_holder] -->}<!-- [et_pb_line_break_holder] -->input::-webkit-input-placeholder {<!-- [et_pb_line_break_holder] -->\tcolor: #999;<!-- [et_pb_line_break_holder] -->}<!-- [et_pb_line_break_holder] -->        <\/style>\n<p><!-- [et_pb_line_break_holder] --><!-- Modal HTML embedded directly into document --><!-- [et_pb_line_break_holder] --><\/p>\n<div id=\"ex1\" class=\"modal\"><!-- [et_pb_line_break_holder] -->   <\/p>\n<div class=\"row\">     <!-- [et_pb_line_break_holder] -->    <\/p>\n<div class=\"col-md-3 blocobuscar\">      <!-- [et_pb_line_break_holder] -->      <input type=\"search\" ng-model=\"search.geral\"  placeholder=\"Buscar por nome\"><!-- [et_pb_line_break_holder] -->    <\/div>\n<p><!-- [et_pb_line_break_holder] -->     <\/p>\n<div class=\"col-md-3 blocobuscar\">      <!-- [et_pb_line_break_holder] -->      <input type=\"search\" ng-model=\"search.bairro\"  placeholder=\"Buscar por bairro\"><!-- [et_pb_line_break_holder] -->    <\/div>\n<p><!-- [et_pb_line_break_holder] -->     <\/p>\n<div class=\"col-md-3 blocobuscar\">      <!-- [et_pb_line_break_holder] -->      <input type=\"search\" ng-model=\"search.cidade\"  placeholder=\"Buscar por cidade\"><!-- [et_pb_line_break_holder] -->    <\/div>\n<p><!-- [et_pb_line_break_holder] -->     <\/p>\n<div class=\"col-md-3 blocobuscar\">      <!-- [et_pb_line_break_holder] -->      <input type=\"search\" ng-model=\"search.estado\"  placeholder=\"Buscar por estado\"><!-- [et_pb_line_break_holder] -->    <\/div>\n<p><!-- [et_pb_line_break_holder] -->  <\/div>\n<p><!-- [et_pb_line_break_holder] -->  <\/p>\n<div class=\"row\"><!-- [et_pb_line_break_holder] -->    <!-- [et_pb_line_break_holder] -->  <!-- [et_pb_line_break_holder] -->  <\/p>\n<div ng-repeat=\"prests in prestadoresDados | filter:{NomeFantasia:search.geral, DescricaoLocalidade:search.cidade, NomeRegiao:search.estado, Bairro:search.bairro}\"><!-- [et_pb_line_break_holder] -->   <!-- [et_pb_line_break_holder] -->                <\/p>\n<div class=\"col-md-12 bloco\"><!-- [et_pb_line_break_holder] -->                    <\/p>\n<div class=\"row\"><!-- [et_pb_line_break_holder] -->                        <\/p>\n<div class=\"col-md-12 titulo\"><!-- [et_pb_line_break_holder] -->                         {{prests.NomeFantasia}} <span ng-if=\"prests.DescricaoSaude\">&#8211;<\/span> {{prests.DescricaoSaude}}<!-- [et_pb_line_break_holder] -->                        <\/div>\n<p>                                               <!-- [et_pb_line_break_holder] -->                    <\/div>\n<p><!-- [et_pb_line_break_holder] -->                    <\/p>\n<div class=\"row row1\"><!-- [et_pb_line_break_holder] -->                        <\/p>\n<div class=\"col-md-12\"><!-- [et_pb_line_break_holder] -->                            <b>Telefone: <\/b>({{prests.DDD}}){{prests.Telefone}} <span ng-if=\"prests.Ramal\"><b>Ramal: <\/b><\/span> {{prests.Ramal}}<!-- [et_pb_line_break_holder] -->                        <\/div>\n<p>                        <!-- [et_pb_line_break_holder] -->                    <\/div>\n<p><!-- [et_pb_line_break_holder] -->                    <\/p>\n<div class=\"row row1\"><!-- [et_pb_line_break_holder] -->                        <\/p>\n<div class=\"col-md-12\"><!-- [et_pb_line_break_holder] -->                            <b>Endere\u00e7o: <\/b> {{prests.Endereco}} <span ng-if=\"prests.Complemento\"><b>Compl.: <\/b><\/span> {{prests.Complemento}} <span ng-if=\"prests.DescricaoZona\"><b>Zona: <\/b><\/span> {{prests.DescricaoZona}}<!-- [et_pb_line_break_holder] -->                        <\/div>\n<p>                       <!-- [et_pb_line_break_holder] -->                    <\/div>\n<p><!-- [et_pb_line_break_holder] -->                    <\/p>\n<div class=\"row row1\"><!-- [et_pb_line_break_holder] -->                        <\/p>\n<div class=\"col-md-12\"><!-- [et_pb_line_break_holder] -->                         <span ng-if=\"prests.Bairro\"><b>Bairro: <\/b><\/span> {{prests.Bairro}} <span ng-if=\"prests.DescricaoLocalidade\"><b>Cidade: <\/b><\/span> {{prests.DescricaoLocalidade}} <!-- [et_pb_line_break_holder] -->                      <\/div>\n<p>                        <!-- [et_pb_line_break_holder] -->                    <\/div>\n<p><!-- [et_pb_line_break_holder] -->                    <\/p>\n<div class=\"row row1\" ng-if=\"prests.Vantagens\"><!-- [et_pb_line_break_holder] -->                        <\/p>\n<div class=\"col-md-12\"><!-- [et_pb_line_break_holder] -->                            {{prests.Vantagens}}<!-- [et_pb_line_break_holder] -->                        <\/div>\n<p><!-- [et_pb_line_break_holder] -->                    <\/div>\n<p><!-- [et_pb_line_break_holder] -->                <\/div>\n<p><!-- [et_pb_line_break_holder] -->           <!-- [et_pb_line_break_holder] -->  <\/div>\n<p><!-- [et_pb_line_break_holder] -->    <\/div>\n<p><!-- [et_pb_line_break_holder] -->  <!-- [et_pb_line_break_holder] --><\/div>\n<p><!-- [et_pb_line_break_holder] -->[\/et_pb_code][\/et_pb_column][\/et_pb_row][\/et_pb_section][et_pb_section fb_built=&#8221;1&#8243; admin_label=&#8221;Se\u00e7\u00e3o&#8221; _builder_version=&#8221;3.21.1&#8243; background_image=&#8221;http:\/\/abet.com.br\/abet\/wp-content\/uploads\/2019\/03\/fundo_familia_abet.jpg&#8221; background_position=&#8221;top_left&#8221; custom_padding=&#8221;91px|0px|81px|0px|false|false&#8221; top_divider_color=&#8221;rgba(255,255,255,0.47)&#8221; top_divider_flip=&#8221;horizontal&#8221; global_module=&#8221;420&#8243;][et_pb_row _builder_version=&#8221;3.20.2&#8243;][et_pb_column type=&#8221;1_2&#8243; _builder_version=&#8221;3.0.47&#8243;][et_pb_text _builder_version=&#8221;3.21.1&#8243; header_font=&#8221;||||||||&#8221; header_text_color=&#8221;#2ea3f2&#8243; header_font_size=&#8221;42px&#8221; header_font_size_tablet=&#8221;30px&#8221; header_font_size_last_edited=&#8221;on|phone&#8221; header_2_font=&#8221;||||||||&#8221; header_2_font_size_tablet=&#8221;20px&#8221; header_2_font_size_phone=&#8221;20px&#8221; header_2_font_size_last_edited=&#8221;on|tablet&#8221; header_2_line_height=&#8221;1.2em&#8221; use_background_color_gradient=&#8221;on&#8221; background_color_gradient_start=&#8221;#ffffff&#8221; background_color_gradient_end=&#8221;rgba(41,196,169,0)&#8221; background_color_gradient_direction=&#8221;90deg&#8221; background_color_gradient_end_position=&#8221;76%&#8221; border_radii=&#8221;|15px|||&#8221; custom_margin=&#8221;|||-10px&#8221; custom_padding=&#8221;10px|||15px&#8221;]<\/p>\n<h1>APROVEITE<\/h1>\n<p>[\/et_pb_text][et_pb_text _builder_version=&#8221;3.21.1&#8243; header_font=&#8221;||||||||&#8221; header_text_color=&#8221;#ffffff&#8221; header_font_size=&#8221;32px&#8221; header_font_size_tablet=&#8221;24px&#8221; header_font_size_last_edited=&#8221;on|phone&#8221; header_text_shadow_style=&#8221;preset1&#8243; header_2_font=&#8221;||||||||&#8221; header_2_line_height=&#8221;1.2em&#8221;]<\/p>\n<h1>S\u00e3o diversos Benef\u00edcios<br \/> para voc\u00ea e sua fam\u00edlia<\/h1>\n<p>[\/et_pb_text][et_pb_button button_url=&#8221;http:\/\/abet.com.br\/abet\/contato\/&#8221; button_text=&#8221;Seja um Associado ABET&#8221; _builder_version=&#8221;3.21.1&#8243; custom_button=&#8221;on&#8221; button_text_size=&#8221;18px&#8221; button_text_color=&#8221;#ffffff&#8221; button_bg_color=&#8221;#2ea3f2&#8243; button_bg_use_color_gradient=&#8221;on&#8221; button_bg_color_gradient_end=&#8221;#2ea3f2&#8243; button_border_color=&#8221;#2ea3f2&#8243; button_border_radius=&#8221;5px&#8221; button_font=&#8221;||||||||&#8221; button_use_icon=&#8221;off&#8221; button_bg_color__hover_enabled=&#8221;on&#8221; button_bg_color__hover=&#8221;#2ea3f2&#8243;][\/et_pb_button][\/et_pb_column][et_pb_column type=&#8221;1_2&#8243; _builder_version=&#8221;3.0.47&#8243;][\/et_pb_column][\/et_pb_row][\/et_pb_section]<\/p>\n","protected":false},"excerpt":{"rendered":"<p>Rede Bem Estar {{ prest.descricao }} APROVEITES\u00e3o diversos Benef\u00edcios para voc\u00ea e sua fam\u00edlia<\/p>\n","protected":false},"author":1,"featured_media":0,"parent":0,"menu_order":0,"comment_status":"closed","ping_status":"closed","template":"","meta":{"_et_pb_use_builder":"on","_et_pb_old_content":"","_et_gb_content_width":"","_mi_skip_tracking":false},"yoast_head":"<!-- This site is optimized with the Yoast SEO plugin v18.5.1 - https:\/\/yoast.com\/wordpress\/plugins\/seo\/ -->\r\n<title>Rede Bem Estar - S\u00e2o diversos Benef\u00edcios para os Associados ABET<\/title>\r\n<meta name=\"description\" content=\"Acesse o nosso site e confira os locais da Rede Bem Estar onde voc\u00ea, Associado ABET, pode conseguir descontos exclusivos.\" \/>\r\n<meta name=\"robots\" content=\"index, follow, max-snippet:-1, max-image-preview:large, max-video-preview:-1\" \/>\r\n<link rel=\"canonical\" href=\"https:\/\/abet.com.br\/abet\/rede-bem-estar\/\" \/>\r\n<meta property=\"og:locale\" content=\"pt_BR\" \/>\r\n<meta property=\"og:type\" content=\"article\" \/>\r\n<meta property=\"og:title\" content=\"Rede Bem Estar - S\u00e2o diversos Benef\u00edcios para os Associados ABET\" \/>\r\n<meta property=\"og:description\" content=\"Acesse o nosso site e confira os locais da Rede Bem Estar onde voc\u00ea, Associado ABET, pode conseguir descontos exclusivos.\" \/>\r\n<meta property=\"og:url\" content=\"https:\/\/abet.com.br\/abet\/rede-bem-estar\/\" \/>\r\n<meta property=\"og:site_name\" content=\"ABET\" \/>\r\n<meta property=\"article:modified_time\" content=\"2019-10-24T17:06:19+00:00\" \/>\r\n<meta name=\"twitter:card\" content=\"summary_large_image\" \/>\r\n<meta name=\"twitter:label1\" content=\"Est. reading time\" \/>\n\t<meta name=\"twitter:data1\" content=\"3 minutos\" \/>\r\n<script type=\"application\/ld+json\" class=\"yoast-schema-graph\">{\"@context\":\"https:\/\/schema.org\",\"@graph\":[{\"@type\":\"WebSite\",\"@id\":\"https:\/\/abet.com.br\/abet\/#website\",\"url\":\"https:\/\/abet.com.br\/abet\/\",\"name\":\"ABET\",\"description\":\"Associa\u00e7\u00e3o Brasileira dos Empregados em Telecomunica\u00e7\u00f5es.\",\"potentialAction\":[{\"@type\":\"SearchAction\",\"target\":{\"@type\":\"EntryPoint\",\"urlTemplate\":\"https:\/\/abet.com.br\/abet\/?s={search_term_string}\"},\"query-input\":\"required name=search_term_string\"}],\"inLanguage\":\"pt-BR\"},{\"@type\":\"WebPage\",\"@id\":\"https:\/\/abet.com.br\/abet\/rede-bem-estar\/#webpage\",\"url\":\"https:\/\/abet.com.br\/abet\/rede-bem-estar\/\",\"name\":\"Rede Bem Estar - S\u00e2o diversos Benef\u00edcios para os Associados ABET\",\"isPartOf\":{\"@id\":\"https:\/\/abet.com.br\/abet\/#website\"},\"datePublished\":\"2019-09-27T12:46:51+00:00\",\"dateModified\":\"2019-10-24T17:06:19+00:00\",\"description\":\"Acesse o nosso site e confira os locais da Rede Bem Estar onde voc\u00ea, Associado ABET, pode conseguir descontos exclusivos.\",\"breadcrumb\":{\"@id\":\"https:\/\/abet.com.br\/abet\/rede-bem-estar\/#breadcrumb\"},\"inLanguage\":\"pt-BR\",\"potentialAction\":[{\"@type\":\"ReadAction\",\"target\":[\"https:\/\/abet.com.br\/abet\/rede-bem-estar\/\"]}]},{\"@type\":\"BreadcrumbList\",\"@id\":\"https:\/\/abet.com.br\/abet\/rede-bem-estar\/#breadcrumb\",\"itemListElement\":[{\"@type\":\"ListItem\",\"position\":1,\"name\":\"Home\",\"item\":\"https:\/\/abet.com.br\/abet\/\"},{\"@type\":\"ListItem\",\"position\":2,\"name\":\"Rede Bem Estar\"}]}]}<\/script>\r\n<!-- \/ Yoast SEO plugin. -->","yoast_head_json":{"title":"Rede Bem Estar - S\u00e2o diversos Benef\u00edcios para os Associados ABET","description":"Acesse o nosso site e confira os locais da Rede Bem Estar onde voc\u00ea, Associado ABET, pode conseguir descontos exclusivos.","robots":{"index":"index","follow":"follow","max-snippet":"max-snippet:-1","max-image-preview":"max-image-preview:large","max-video-preview":"max-video-preview:-1"},"canonical":"https:\/\/abet.com.br\/abet\/rede-bem-estar\/","og_locale":"pt_BR","og_type":"article","og_title":"Rede Bem Estar - S\u00e2o diversos Benef\u00edcios para os Associados ABET","og_description":"Acesse o nosso site e confira os locais da Rede Bem Estar onde voc\u00ea, Associado ABET, pode conseguir descontos exclusivos.","og_url":"https:\/\/abet.com.br\/abet\/rede-bem-estar\/","og_site_name":"ABET","article_modified_time":"2019-10-24T17:06:19+00:00","twitter_card":"summary_large_image","twitter_misc":{"Est. reading time":"3 minutos"},"schema":{"@context":"https:\/\/schema.org","@graph":[{"@type":"WebSite","@id":"https:\/\/abet.com.br\/abet\/#website","url":"https:\/\/abet.com.br\/abet\/","name":"ABET","description":"Associa\u00e7\u00e3o Brasileira dos Empregados em Telecomunica\u00e7\u00f5es.","potentialAction":[{"@type":"SearchAction","target":{"@type":"EntryPoint","urlTemplate":"https:\/\/abet.com.br\/abet\/?s={search_term_string}"},"query-input":"required name=search_term_string"}],"inLanguage":"pt-BR"},{"@type":"WebPage","@id":"https:\/\/abet.com.br\/abet\/rede-bem-estar\/#webpage","url":"https:\/\/abet.com.br\/abet\/rede-bem-estar\/","name":"Rede Bem Estar - S\u00e2o diversos Benef\u00edcios para os Associados ABET","isPartOf":{"@id":"https:\/\/abet.com.br\/abet\/#website"},"datePublished":"2019-09-27T12:46:51+00:00","dateModified":"2019-10-24T17:06:19+00:00","description":"Acesse o nosso site e confira os locais da Rede Bem Estar onde voc\u00ea, Associado ABET, pode conseguir descontos exclusivos.","breadcrumb":{"@id":"https:\/\/abet.com.br\/abet\/rede-bem-estar\/#breadcrumb"},"inLanguage":"pt-BR","potentialAction":[{"@type":"ReadAction","target":["https:\/\/abet.com.br\/abet\/rede-bem-estar\/"]}]},{"@type":"BreadcrumbList","@id":"https:\/\/abet.com.br\/abet\/rede-bem-estar\/#breadcrumb","itemListElement":[{"@type":"ListItem","position":1,"name":"Home","item":"https:\/\/abet.com.br\/abet\/"},{"@type":"ListItem","position":2,"name":"Rede Bem Estar"}]}]}},"_links":{"self":[{"href":"https:\/\/abet.com.br\/abet\/wp-json\/wp\/v2\/pages\/1417"}],"collection":[{"href":"https:\/\/abet.com.br\/abet\/wp-json\/wp\/v2\/pages"}],"about":[{"href":"https:\/\/abet.com.br\/abet\/wp-json\/wp\/v2\/types\/page"}],"author":[{"embeddable":true,"href":"https:\/\/abet.com.br\/abet\/wp-json\/wp\/v2\/users\/1"}],"replies":[{"embeddable":true,"href":"https:\/\/abet.com.br\/abet\/wp-json\/wp\/v2\/comments?post=1417"}],"version-history":[{"count":14,"href":"https:\/\/abet.com.br\/abet\/wp-json\/wp\/v2\/pages\/1417\/revisions"}],"predecessor-version":[{"id":1906,"href":"https:\/\/abet.com.br\/abet\/wp-json\/wp\/v2\/pages\/1417\/revisions\/1906"}],"wp:attachment":[{"href":"https:\/\/abet.com.br\/abet\/wp-json\/wp\/v2\/media?parent=1417"}],"curies":[{"name":"wp","href":"https:\/\/api.w.org\/{rel}","templated":true}]}}